{"id":10211,"date":"2023-12-14T23:01:40","date_gmt":"2023-12-14T23:01:40","guid":{"rendered":"https:\/\/atmalzemesi.com\/eskisite\/?post_type=product&#038;p=10211"},"modified":"2024-05-19T07:57:42","modified_gmt":"2024-05-19T07:57:42","slug":"nalbant-tokmagi-ahsap","status":"publish","type":"product","link":"https:\/\/atmalzemesi.com\/eskisite\/urun\/nalbant-tokmagi-ahsap\/","title":{"rendered":"Nalbant Tokma\u011f\u0131 (Ah\u015fap)"},"content":{"rendered":"<p>Nalbant Tokma\u011f\u0131<\/p>\n<p>Nalbantlar i\u00e7in g\u00fcrgen a\u011fac\u0131ndan \u00f6zel olarak \u00fcretilmi\u015ftir.<\/p>\n","protected":false},"excerpt":{"rendered":"<p>Nalbant Tokma\u011f\u0131 Nalbantlar i\u00e7in g\u00fcrgen a\u011fac\u0131ndan \u00f6zel olarak \u00fcretilmi\u015ftir.<\/p>\n","protected":false},"featured_media":10258,"comment_status":"open","ping_status":"closed","template":"","meta":{"_joinchat":[]},"product_cat":[332,334,335],"product_tag":[363,360,364,365],"class_list":{"0":"post-10211","1":"product","2":"type-product","3":"status-publish","4":"has-post-thumbnail","6":"product_cat-nal-ve-nalbant-malzemeleri","7":"product_cat-nalbant-malzemeleri","8":"product_cat-urunler","9":"product_tag-nalbant","10":"product_tag-nalbant-malzemeleri","11":"product_tag-nalbant-tokmagi","12":"product_tag-tokmak","14":"first","15":"instock","16":"shipping-taxable","17":"purchasable","18":"product-type-simple"},"_links":{"self":[{"href":"https:\/\/atmalzemesi.com\/eskisite\/wp-json\/wp\/v2\/product\/10211","targetHints":{"allow":["GET"]}}],"collection":[{"href":"https:\/\/atmalzemesi.com\/eskisite\/wp-json\/wp\/v2\/product"}],"about":[{"href":"https:\/\/atmalzemesi.com\/eskisite\/wp-json\/wp\/v2\/types\/product"}],"replies":[{"embeddable":true,"href":"https:\/\/atmalzemesi.com\/eskisite\/wp-json\/wp\/v2\/comments?post=10211"}],"version-history":[{"count":0,"href":"https:\/\/atmalzemesi.com\/eskisite\/wp-json\/wp\/v2\/product\/10211\/revisions"}],"wp:featuredmedia":[{"embeddable":true,"href":"https:\/\/atmalzemesi.com\/eskisite\/wp-json\/wp\/v2\/media\/10258"}],"wp:attachment":[{"href":"https:\/\/atmalzemesi.com\/eskisite\/wp-json\/wp\/v2\/media?parent=10211"}],"wp:term":[{"taxonomy":"product_cat","embeddable":true,"href":"https:\/\/atmalzemesi.com\/eskisite\/wp-json\/wp\/v2\/product_cat?post=10211"},{"taxonomy":"product_tag","embeddable":true,"href":"https:\/\/atmalzemesi.com\/eskisite\/wp-json\/wp\/v2\/product_tag?post=10211"}],"curies":[{"name":"wp","href":"https:\/\/api.w.org\/{rel}","templated":true}]}}