{"id":10859,"date":"2023-12-14T23:10:14","date_gmt":"2023-12-14T23:10:14","guid":{"rendered":"https:\/\/atmalzemesi.com\/eskisite\/?post_type=product&#038;p=10859"},"modified":"2024-09-25T18:12:14","modified_gmt":"2024-09-25T18:12:14","slug":"leovet-5-star-detangler-2500-ml-kuyruk-yele-spreyi","status":"publish","type":"product","link":"https:\/\/atmalzemesi.com\/eskisite\/urun\/leovet-5-star-detangler-2500-ml-kuyruk-yele-spreyi\/","title":{"rendered":"Leovet 5 Star Detangler 2500 ML (Kuyruk Yele Spreyi)"},"content":{"rendered":"<p>LEOVET 5 STAR DETANGLER KUYRUK YELE SPREY\u0130 2500 ML<\/p>\n<p>Leovet&#8217;ten 5 y\u0131ld\u0131z kalitesinde birinci s\u0131n\u0131f \u00a0kuyruk yele spreyi<\/p>\n<p>Daha iyi kuyruk yele uzamas\u0131 i\u00e7in temel sa\u00e7 besin maddesi olan arginin i\u00e7erir.<\/p>\n<p>Bu\u011fday Pentavitin\u00ae ile \u00fcretilmi\u015ftir &#8211; ka\u015f\u0131nt\u0131y\u0131 ve kuru cildi durdurur ve olduk\u00e7a nemlendiricidir.<\/p>\n<p>Provitamin B5, pantenol ile &#8211; bol hacimli, sa\u011fl\u0131kl\u0131, beslenmi\u015f sa\u00e7lar i\u00e7in.<\/p>\n<p>Test uzmanlar\u0131n\u0131n% 90&#8217;\u0131 \u015f\u00f6yle diyor: &#8220;Bu benim en sevdi\u011fim dola\u015f\u0131k a\u00e7\u0131c\u0131 &#8211; eski dola\u015f\u0131k a\u00e7\u0131c\u0131dan \u00e7ok daha iyi \u00e7al\u0131\u015f\u0131yor&#8221; (piyasada bulunan benzer kaplama bak\u0131m \u00fcr\u00fcnleriyle yap\u0131lan testlerin sonu\u00e7lar\u0131na g\u00f6re).<\/p>\n<p>Sansasyonel parlakl\u0131k, yelenin ve kuyru\u011fun kolay taranmas\u0131 ve g\u00fcnlerce toz ve kirden korunmas\u0131n\u0131 sa\u011flar.<\/p>\n","protected":false},"excerpt":{"rendered":"<p>LEOVET 5 STAR DETANGLER KUYRUK YELE SPREY\u0130 2500 ML Leovet&#8217;ten 5 y\u0131ld\u0131z kalitesinde birinci s\u0131n\u0131f \u00a0kuyruk yele spreyi Daha iyi<\/p>\n","protected":false},"featured_media":10903,"comment_status":"open","ping_status":"closed","template":"","meta":{"_joinchat":[]},"product_cat":[383,443,335],"product_tag":[436,635],"class_list":{"0":"post-10859","1":"product","2":"type-product","3":"status-publish","4":"has-post-thumbnail","6":"product_cat-at-sagligi","7":"product_cat-tirnak-tuy-kuyruk-yele-bakim","8":"product_cat-urunler","9":"product_tag-at-sagligi","10":"product_tag-kuyruk-yele-spreyi","12":"first","13":"instock","14":"shipping-taxable","15":"purchasable","16":"product-type-simple"},"_links":{"self":[{"href":"https:\/\/atmalzemesi.com\/eskisite\/wp-json\/wp\/v2\/product\/10859","targetHints":{"allow":["GET"]}}],"collection":[{"href":"https:\/\/atmalzemesi.com\/eskisite\/wp-json\/wp\/v2\/product"}],"about":[{"href":"https:\/\/atmalzemesi.com\/eskisite\/wp-json\/wp\/v2\/types\/product"}],"replies":[{"embeddable":true,"href":"https:\/\/atmalzemesi.com\/eskisite\/wp-json\/wp\/v2\/comments?post=10859"}],"version-history":[{"count":0,"href":"https:\/\/atmalzemesi.com\/eskisite\/wp-json\/wp\/v2\/product\/10859\/revisions"}],"wp:featuredmedia":[{"embeddable":true,"href":"https:\/\/atmalzemesi.com\/eskisite\/wp-json\/wp\/v2\/media\/10903"}],"wp:attachment":[{"href":"https:\/\/atmalzemesi.com\/eskisite\/wp-json\/wp\/v2\/media?parent=10859"}],"wp:term":[{"taxonomy":"product_cat","embeddable":true,"href":"https:\/\/atmalzemesi.com\/eskisite\/wp-json\/wp\/v2\/product_cat?post=10859"},{"taxonomy":"product_tag","embeddable":true,"href":"https:\/\/atmalzemesi.com\/eskisite\/wp-json\/wp\/v2\/product_tag?post=10859"}],"curies":[{"name":"wp","href":"https:\/\/api.w.org\/{rel}","templated":true}]}}