{"id":12486,"date":"2023-12-14T23:32:41","date_gmt":"2023-12-14T23:32:41","guid":{"rendered":"https:\/\/atmalzemesi.com\/eskisite\/?post_type=product&#038;p=12486"},"modified":"2025-12-02T20:51:24","modified_gmt":"2025-12-02T17:51:24","slug":"deri-jumping-eyer-17-5-inch-acik-kahve","status":"publish","type":"product","link":"https:\/\/atmalzemesi.com\/eskisite\/urun\/deri-jumping-eyer-17-5-inch-acik-kahve\/","title":{"rendered":"Deri Jumping Eyer 17.5 Inch (A\u00e7\u0131k Kahve)"},"content":{"rendered":"<p>Deri Jumping Eyer 17.5 Inch (A\u00e7\u0131k Kahve)<\/p>\n<p>&nbsp;<\/p>\n<p>%100 Deri Jumping Eyer<\/p>\n","protected":false},"excerpt":{"rendered":"<p>Deri Jumping Eyer 17.5 Inch (A\u00e7\u0131k Kahve) &nbsp; %100 Deri Jumping Eyer<\/p>\n","protected":false},"featured_media":12508,"comment_status":"open","ping_status":"closed","template":"","meta":{"_joinchat":[]},"product_cat":[374,583],"product_tag":[437,586,585,587,530],"class_list":{"0":"post-12486","1":"product","2":"type-product","3":"status-publish","4":"has-post-thumbnail","6":"product_cat-at-malzemeleri","7":"product_cat-eyer","8":"product_tag-atmalzemesi","9":"product_tag-derieyer","10":"product_tag-eyer","11":"product_tag-jumpingeyer","12":"product_tag-konkur","14":"first","15":"outofstock","16":"shipping-taxable","17":"purchasable","18":"product-type-simple"},"_links":{"self":[{"href":"https:\/\/atmalzemesi.com\/eskisite\/wp-json\/wp\/v2\/product\/12486","targetHints":{"allow":["GET"]}}],"collection":[{"href":"https:\/\/atmalzemesi.com\/eskisite\/wp-json\/wp\/v2\/product"}],"about":[{"href":"https:\/\/atmalzemesi.com\/eskisite\/wp-json\/wp\/v2\/types\/product"}],"replies":[{"embeddable":true,"href":"https:\/\/atmalzemesi.com\/eskisite\/wp-json\/wp\/v2\/comments?post=12486"}],"version-history":[{"count":1,"href":"https:\/\/atmalzemesi.com\/eskisite\/wp-json\/wp\/v2\/product\/12486\/revisions"}],"predecessor-version":[{"id":16031,"href":"https:\/\/atmalzemesi.com\/eskisite\/wp-json\/wp\/v2\/product\/12486\/revisions\/16031"}],"wp:featuredmedia":[{"embeddable":true,"href":"https:\/\/atmalzemesi.com\/eskisite\/wp-json\/wp\/v2\/media\/12508"}],"wp:attachment":[{"href":"https:\/\/atmalzemesi.com\/eskisite\/wp-json\/wp\/v2\/media?parent=12486"}],"wp:term":[{"taxonomy":"product_cat","embeddable":true,"href":"https:\/\/atmalzemesi.com\/eskisite\/wp-json\/wp\/v2\/product_cat?post=12486"},{"taxonomy":"product_tag","embeddable":true,"href":"https:\/\/atmalzemesi.com\/eskisite\/wp-json\/wp\/v2\/product_tag?post=12486"}],"curies":[{"name":"wp","href":"https:\/\/api.w.org\/{rel}","templated":true}]}}