{"id":12910,"date":"2024-01-12T13:08:43","date_gmt":"2024-01-12T13:08:43","guid":{"rendered":"https:\/\/atmalzemesi.com\/eskisite\/?post_type=product&#038;p=12910"},"modified":"2024-03-25T14:38:31","modified_gmt":"2024-03-25T14:38:31","slug":"neutracid-trm-375-l","status":"publish","type":"product","link":"https:\/\/atmalzemesi.com\/eskisite\/urun\/neutracid-trm-375-l\/","title":{"rendered":"Neutracid TRM (3,75 L)"},"content":{"rendered":"<p>NEUTRACID TRM (3,75 L)<\/p>\n<p>\u2022 Neutracid kanda ve kaslarda biriken laktik asidi n\u00f6tralize eder.<br \/>\n\u2022 V\u00fccudun PH dengesini\u00a0sa\u011flar.<\/p>\n<p><b>Bile\u015fen:<\/b><br \/>\nSorbitol, Dextrose<br \/>\n\u0130\u00e7erik\u00a0 \u00a0 \u00a0 \u00a0 \u00a0 \u00a0 \u00a0 \u00a0 \u00a0 \u00a0 \u00a0 \u00a0 \u00a0 \u00a0 \u00a0 \u00a0 \u00a0 \u00a0 Her 1 litre<\/p>\n<p>Vitamin B1\u00a0 \u00a0 \u00a0 \u00a0 \u00a0 \u00a0 \u00a0 \u00a0 \u00a0 \u00a0 \u00a0 \u00a0 \u00a0 \u00a0 1,111 mg<\/p>\n<p>Sodyum Sitrat\u00a0 \u00a0 \u00a0 \u00a0 \u00a0 \u00a0 \u00a0 \u00a0 \u00a0 308,000 mg<\/p>\n<p>Sitrik Asit\u00a0 \u00a0 \u00a0 \u00a0 \u00a0 \u00a0 \u00a0 \u00a0 \u00a0 \u00a0 \u00a0 \u00a0 \u00a0 \u00a0102,667 mg<\/p>\n<p><b>Kullan\u0131m\u0131:<\/b><br \/>\n\u0130dman yapan atlar: Ak\u015fam yemine g\u00fcnl\u00fck 90ml.<\/p>\n<p>Yar\u0131\u015f sonras\u0131: Ak\u015fam yemine ekstra ilave olarak 30ml.<br \/>\n**Veterineriniz farkl\u0131 \u015fekilde tavsiye etmedi\u011fi takdirde \u00f6nerilen dozu a\u015fmay\u0131n\u0131z. Atlar\u0131n\u0131z\u0131n \u00f6n\u00fcnde her daim i\u00e7me suyu bulundurunuz.<\/p>\n","protected":false},"excerpt":{"rendered":"<h2>Yar\u0131\u015f atlar\u0131n\u0131n v\u00fccut asitlerini ve alkalilerini n\u00f6tralize etmek i\u00e7in gerekli bir yem katk\u0131s\u0131d\u0131r.<\/h2>\n","protected":false},"featured_media":12893,"comment_status":"open","ping_status":"closed","template":"","meta":{"_joinchat":[]},"product_cat":[383,431,435,424,335],"product_tag":[437,429,438,899,439,904],"class_list":{"0":"post-12910","1":"product","2":"type-product","3":"status-publish","4":"has-post-thumbnail","6":"product_cat-at-sagligi","7":"product_cat-eklem-tendon-ligament","8":"product_cat-iskelet-kemik-gelisimi","9":"product_cat-kas-sistemi-amino-asitler","10":"product_cat-urunler","11":"product_tag-atmalzemesi","12":"product_tag-eklem","13":"product_tag-iskelet","14":"product_tag-kassistemi","15":"product_tag-kemik-gelisimi","16":"product_tag-tam","18":"first","19":"instock","20":"shipping-taxable","21":"purchasable","22":"product-type-simple"},"_links":{"self":[{"href":"https:\/\/atmalzemesi.com\/eskisite\/wp-json\/wp\/v2\/product\/12910","targetHints":{"allow":["GET"]}}],"collection":[{"href":"https:\/\/atmalzemesi.com\/eskisite\/wp-json\/wp\/v2\/product"}],"about":[{"href":"https:\/\/atmalzemesi.com\/eskisite\/wp-json\/wp\/v2\/types\/product"}],"replies":[{"embeddable":true,"href":"https:\/\/atmalzemesi.com\/eskisite\/wp-json\/wp\/v2\/comments?post=12910"}],"version-history":[{"count":0,"href":"https:\/\/atmalzemesi.com\/eskisite\/wp-json\/wp\/v2\/product\/12910\/revisions"}],"wp:featuredmedia":[{"embeddable":true,"href":"https:\/\/atmalzemesi.com\/eskisite\/wp-json\/wp\/v2\/media\/12893"}],"wp:attachment":[{"href":"https:\/\/atmalzemesi.com\/eskisite\/wp-json\/wp\/v2\/media?parent=12910"}],"wp:term":[{"taxonomy":"product_cat","embeddable":true,"href":"https:\/\/atmalzemesi.com\/eskisite\/wp-json\/wp\/v2\/product_cat?post=12910"},{"taxonomy":"product_tag","embeddable":true,"href":"https:\/\/atmalzemesi.com\/eskisite\/wp-json\/wp\/v2\/product_tag?post=12910"}],"curies":[{"name":"wp","href":"https:\/\/api.w.org\/{rel}","templated":true}]}}