{"id":14104,"date":"2024-10-31T09:24:45","date_gmt":"2024-10-31T09:24:45","guid":{"rendered":"https:\/\/atmalzemesi.com\/eskisite\/?post_type=product&#038;p=14104"},"modified":"2024-11-14T14:02:59","modified_gmt":"2024-11-14T14:02:59","slug":"guvenlik-uzengi-5-star-horka","status":"publish","type":"product","link":"https:\/\/atmalzemesi.com\/eskisite\/urun\/guvenlik-uzengi-5-star-horka\/","title":{"rendered":"G\u00fcvenlik \u00dczengi Horka 5 Star"},"content":{"rendered":"<p>G\u00fcvenlik \u00dczengi<\/p>\n<p>HORKA 5 Star \u00fczengi, bir emniyet mekanizmas\u0131 ile donat\u0131lm\u0131\u015ft\u0131r. Bir d\u00fc\u015f\u00fc\u015f meydana geldi\u011finde, s\u00fcr\u00fcc\u00fcn\u00fcn a\u011f\u0131rl\u0131\u011f\u0131 \u00fczenginin d\u0131\u015f\u0131n\u0131 a\u00e7an tokaya do\u011fru iter. Emniyet mekanizmas\u0131, \u00e7o\u011fu durumda aya\u011f\u0131n \u00fczengiye s\u0131k\u0131\u015fmas\u0131n\u0131 \u00f6nler. A\u00e7\u0131ld\u0131ktan sonra, toka otomatik olarak orijinal konumuna geri d\u00f6ner.<\/p>\n<p>\u00dcr\u00fcn \u00f6zellikleri:<br \/>\n&#8211; Emniyet mekanizmas\u0131<br \/>\n&#8211; Galvanizli al\u00fcminyumdan yap\u0131lm\u0131\u015ft\u0131r<br \/>\n&#8211; Toz boya<br \/>\n&#8211; Paslanmaz \u00e7elik kaymaz \u00fczengi taban\u0131 sayesinde ekstra stabilite<br \/>\n&#8211; \u00dczengilerin sol ve sa\u011f taraf\u0131 vard\u0131r (\u00fczenginin \u00fcst\u00fcnde L ve R ile i\u015faretlenmi\u015ftir)<\/p>\n<p>Bak\u0131m tavsiyesi:<br \/>\n&#8211; S\u00fcr\u00fc\u015ften hemen sonra kuru bir bezle nemi ve kiri temizleyin.<br \/>\n&#8211; Eyerinizi ve \u00fczengilerinizi kuru, iyi havaland\u0131r\u0131lm\u0131\u015f bir eyer odas\u0131nda saklay\u0131n.<br \/>\n&#8211; D\u00fczenli olarak kalite kontrol\u00fc yap\u0131n ve malzemede hasar varsa \u00fczengileri veya bir k\u0131sm\u0131n\u0131 hemen de\u011fi\u015ftirin.<br \/>\n&#8211; Tokay\u0131 a\u00e7\u0131p pivot noktas\u0131n\u0131 kontrol ederek sistemin \u00e7al\u0131\u015f\u0131p \u00e7al\u0131\u015fmad\u0131\u011f\u0131n\u0131 d\u00fczenli olarak kontrol edin.<br \/>\n&#8211; Botlarla ilgili tavsiye: P\u00fcr\u00fczs\u00fcz malzemeden yap\u0131lm\u0131\u015f, engebeli veya p\u00fcr\u00fczl\u00fc par\u00e7alar\u0131 ve profili olmayan tabanlar\u0131 olan resmi binicilik veya jodhpur botlar\u0131 giyin.<\/p>\n<p>&nbsp;<\/p>\n","protected":false},"excerpt":{"rendered":"<p>G\u00fcvenlik \u00dczengi HORKA 5 Star \u00fczengi, bir emniyet mekanizmas\u0131 ile donat\u0131lm\u0131\u015ft\u0131r. Bir d\u00fc\u015f\u00fc\u015f meydana geldi\u011finde, s\u00fcr\u00fcc\u00fcn\u00fcn a\u011f\u0131rl\u0131\u011f\u0131 \u00fczenginin d\u0131\u015f\u0131n\u0131 a\u00e7an<\/p>\n","protected":false},"featured_media":14109,"comment_status":"open","ping_status":"closed","template":"","meta":{"_joinchat":[]},"product_cat":[374,518,589,335,552],"product_tag":[848,928,682],"class_list":{"0":"post-14104","1":"product","2":"type-product","3":"status-publish","4":"has-post-thumbnail","6":"product_cat-at-malzemeleri","7":"product_cat-binicilik-malzemeleri","8":"product_cat-kamci-binicilik-malzemeleri","9":"product_cat-urunler","10":"product_cat-uzengi-uzengi-kayisi","11":"product_tag-aluminyum-uzengi","12":"product_tag-guvenlikli-uzengi","13":"product_tag-uzengi","15":"first","16":"instock","17":"shipping-taxable","18":"purchasable","19":"product-type-variable"},"_links":{"self":[{"href":"https:\/\/atmalzemesi.com\/eskisite\/wp-json\/wp\/v2\/product\/14104","targetHints":{"allow":["GET"]}}],"collection":[{"href":"https:\/\/atmalzemesi.com\/eskisite\/wp-json\/wp\/v2\/product"}],"about":[{"href":"https:\/\/atmalzemesi.com\/eskisite\/wp-json\/wp\/v2\/types\/product"}],"replies":[{"embeddable":true,"href":"https:\/\/atmalzemesi.com\/eskisite\/wp-json\/wp\/v2\/comments?post=14104"}],"version-history":[{"count":0,"href":"https:\/\/atmalzemesi.com\/eskisite\/wp-json\/wp\/v2\/product\/14104\/revisions"}],"wp:featuredmedia":[{"embeddable":true,"href":"https:\/\/atmalzemesi.com\/eskisite\/wp-json\/wp\/v2\/media\/14109"}],"wp:attachment":[{"href":"https:\/\/atmalzemesi.com\/eskisite\/wp-json\/wp\/v2\/media?parent=14104"}],"wp:term":[{"taxonomy":"product_cat","embeddable":true,"href":"https:\/\/atmalzemesi.com\/eskisite\/wp-json\/wp\/v2\/product_cat?post=14104"},{"taxonomy":"product_tag","embeddable":true,"href":"https:\/\/atmalzemesi.com\/eskisite\/wp-json\/wp\/v2\/product_tag?post=14104"}],"curies":[{"name":"wp","href":"https:\/\/api.w.org\/{rel}","templated":true}]}}